{"id":7,"date":"2021-12-10T10:30:35","date_gmt":"2021-12-10T09:30:35","guid":{"rendered":"http:\/\/digioffice.fr\/?page_id=7"},"modified":"2021-12-15T09:30:24","modified_gmt":"2021-12-15T08:30:24","slug":"a-propos-de","status":"publish","type":"page","link":"https:\/\/digioffice.fr\/?page_id=7","title":{"rendered":"Trouver la formation qui me convient"},"content":{"rendered":"\n<h2 class=\"has-text-align-center has-vivid-cyan-blue-color has-text-color has-huge-font-size\">Word<\/h2>\n\n\n\n<div class=\"wp-block-group\"><div class=\"wp-block-group__inner-container\">\n<div class=\"wp-block-group\"><div class=\"wp-block-group__inner-container\">\n<div class=\"wp-block-image\"><figure class=\"alignleft size-thumbnail\"><img loading=\"lazy\" width=\"150\" height=\"150\" src=\"http:\/\/digioffice.fr\/wp-content\/uploads\/2021\/12\/Word-6-150x150.jpg\" alt=\"\" class=\"wp-image-100\"\/><\/figure><\/div>\n\n\n\n<p class=\"has-vivid-cyan-blue-color has-text-color has-medium-font-size\"><strong>Word Niveau 1 <\/strong><\/p>\n\n\n\n<p>Connaissances indispensables<\/p>\n<\/div><\/div>\n\n\n\n<div class=\"wp-block-group\"><div class=\"wp-block-group__inner-container\">\n<div class=\"wp-block-image\"><figure class=\"alignleft size-thumbnail\"><img loading=\"lazy\" width=\"150\" height=\"150\" src=\"http:\/\/digioffice.fr\/wp-content\/uploads\/2021\/12\/Word-7-150x150.jpg\" alt=\"\" class=\"wp-image-102\"\/><\/figure><\/div>\n\n\n\n<p class=\"has-vivid-cyan-blue-color has-text-color has-medium-font-size\"><strong>Word Niveau 2<\/strong><\/p>\n\n\n\n<p>Connaissances interm\u00e9diaires<\/p>\n<\/div><\/div>\n\n\n\n<div class=\"wp-block-group\"><div class=\"wp-block-group__inner-container\">\n<div class=\"wp-block-image\"><figure class=\"alignleft size-thumbnail\"><img loading=\"lazy\" width=\"150\" height=\"150\" src=\"http:\/\/digioffice.fr\/wp-content\/uploads\/2021\/12\/Word-7-150x150.jpg\" alt=\"\" class=\"wp-image-102\"\/><\/figure><\/div>\n\n\n\n<p class=\"has-vivid-cyan-blue-color has-text-color has-medium-font-size\"><strong>Word Niveau 3<\/strong><\/p>\n\n\n\n<p>Connaissances avanc\u00e9es<\/p>\n<\/div><\/div>\n<\/div><\/div>\n\n\n\n<div class=\"wp-block-cover has-vivid-cyan-blue-background-color has-background-dim\" style=\"min-height:50px\"><div class=\"wp-block-cover__inner-container\">\n<p class=\"has-text-align-center has-large-font-size\"><\/p>\n<\/div><\/div>\n\n\n\n<h6 class=\"has-text-align-center has-vivid-cyan-blue-color has-text-color has-huge-font-size\">Excel<\/h6>\n\n\n\n<div class=\"wp-block-group\"><div class=\"wp-block-group__inner-container\">\n<div class=\"wp-block-image\"><figure class=\"alignleft size-thumbnail\"><img loading=\"lazy\" width=\"150\" height=\"150\" src=\"http:\/\/digioffice.fr\/wp-content\/uploads\/2021\/12\/excel_microsoft-1-150x150.jpg\" alt=\"\" class=\"wp-image-106\"\/><\/figure><\/div>\n\n\n\n<p class=\"has-vivid-cyan-blue-color has-text-color has-medium-font-size\"><strong>Excel Niveau 1 <\/strong><\/p>\n\n\n\n<p>Connaissances indispensables<\/p>\n<\/div><\/div>\n\n\n\n<div class=\"wp-block-group\"><div class=\"wp-block-group__inner-container\">\n<div class=\"wp-block-image\"><figure class=\"alignleft size-thumbnail\"><img loading=\"lazy\" width=\"150\" height=\"150\" src=\"http:\/\/digioffice.fr\/wp-content\/uploads\/2021\/12\/excel_microsoft-3-150x150.jpg\" alt=\"\" class=\"wp-image-109\"\/><\/figure><\/div>\n\n\n\n<p class=\"has-vivid-cyan-blue-color has-text-color has-medium-font-size\"><strong>Excel Niveau 2<\/strong><\/p>\n\n\n\n<p>Connaissances interm\u00e9diaire<\/p>\n<\/div><\/div>\n\n\n\n<p><\/p>\n\n\n\n<div class=\"wp-block-group\"><div class=\"wp-block-group__inner-container\">\n<div class=\"wp-block-image\"><figure class=\"alignleft size-thumbnail\"><img loading=\"lazy\" width=\"150\" height=\"150\" src=\"http:\/\/digioffice.fr\/wp-content\/uploads\/2021\/12\/excel_microsoft-2-150x150.jpg\" alt=\"\" class=\"wp-image-108\"\/><\/figure><\/div>\n\n\n\n<p class=\"has-vivid-cyan-blue-color has-text-color has-medium-font-size\"><strong>Excel Niveau <\/strong>3<\/p>\n\n\n\n<p>Connaissances avanc\u00e9es<\/p>\n<\/div><\/div>\n\n\n\n<div class=\"wp-block-cover has-vivid-cyan-blue-background-color has-background-dim\" style=\"min-height:50px\"><div class=\"wp-block-cover__inner-container\">\n<p class=\"has-text-align-center has-large-font-size\"><\/p>\n<\/div><\/div>\n\n\n\n<div class=\"wp-block-group\"><div class=\"wp-block-group__inner-container\">\n<h2 class=\"has-text-align-center has-vivid-cyan-blue-color has-text-color has-large-font-size\">Powerpoint<\/h2>\n\n\n\n<div class=\"wp-block-group\"><div class=\"wp-block-group__inner-container\">\n<div class=\"wp-block-image\"><figure class=\"alignleft size-thumbnail\"><img loading=\"lazy\" width=\"150\" height=\"150\" src=\"http:\/\/digioffice.fr\/wp-content\/uploads\/2021\/12\/kissclipart-power-point-clipart-microsoft-powerpoint-presentat-7406c6a2c77ee361-2-150x150.png\" alt=\"\" class=\"wp-image-117\"\/><\/figure><\/div>\n\n\n\n<p class=\"has-vivid-cyan-blue-color has-text-color has-medium-font-size\"><strong>Powerpoint Niveau 1 <\/strong><\/p>\n\n\n\n<p>Connaissances indispensables<\/p>\n\n\n\n<div class=\"wp-block-group\"><div class=\"wp-block-group__inner-container\">\n<div class=\"wp-block-image\"><figure class=\"alignleft size-thumbnail\"><img loading=\"lazy\" width=\"150\" height=\"150\" src=\"http:\/\/digioffice.fr\/wp-content\/uploads\/2021\/12\/kissclipart-power-point-clipart-microsoft-powerpoint-presentat-7406c6a2c77ee361-3-150x150.png\" alt=\"\" class=\"wp-image-118\"\/><\/figure><\/div>\n\n\n\n<p class=\"has-vivid-cyan-blue-color has-text-color has-medium-font-size\"><strong>Powerpoint Niveau 2<\/strong><\/p>\n\n\n\n<p>Connaissances interm\u00e9diaire<\/p>\n\n\n\n<div class=\"wp-block-group\"><div class=\"wp-block-group__inner-container\">\n<div class=\"wp-block-image\"><figure class=\"alignleft size-thumbnail\"><img loading=\"lazy\" width=\"150\" height=\"150\" src=\"http:\/\/digioffice.fr\/wp-content\/uploads\/2021\/12\/kissclipart-power-point-clipart-microsoft-powerpoint-presentat-7406c6a2c77ee361-4-150x150.png\" alt=\"\" class=\"wp-image-119\"\/><\/figure><\/div>\n\n\n\n<p class=\"has-vivid-cyan-blue-color has-text-color has-medium-font-size\"><strong>Powerpoint Niveau 3<\/strong><\/p>\n\n\n\n<p>Connaissances avanc\u00e9es<\/p>\n<\/div><\/div>\n<\/div><\/div>\n<\/div><\/div>\n<\/div><\/div>\n\n\n\n<div class=\"wp-block-cover has-vivid-cyan-blue-background-color has-background-dim\" style=\"min-height:50px\"><div class=\"wp-block-cover__inner-container\">\n<p class=\"has-text-align-center has-large-font-size\"><\/p>\n<\/div><\/div>\n\n\n\n<p><\/p>\n\n\n\n<div class=\"wp-block-group\"><div class=\"wp-block-group__inner-container\">\n<h2 class=\"has-text-align-center has-vivid-cyan-blue-color has-text-color has-large-font-size\">Outlook<\/h2>\n\n\n\n<div class=\"wp-block-group\"><div class=\"wp-block-group__inner-container\">\n<div class=\"wp-block-image\"><figure class=\"alignleft size-thumbnail\"><img loading=\"lazy\" width=\"150\" height=\"150\" src=\"http:\/\/digioffice.fr\/wp-content\/uploads\/2021\/12\/Outlook-1-150x150.png\" alt=\"\" class=\"wp-image-121\" srcset=\"https:\/\/digioffice.fr\/wp-content\/uploads\/2021\/12\/Outlook-1-150x150.png 150w, https:\/\/digioffice.fr\/wp-content\/uploads\/2021\/12\/Outlook-1.png 225w\" sizes=\"(max-width: 150px) 100vw, 150px\" \/><\/figure><\/div>\n\n\n\n<p class=\"has-vivid-cyan-blue-color has-text-color has-medium-font-size\"><strong>Outlook <\/strong><\/p>\n\n\n\n<p>Messages &amp; contacts<\/p>\n\n\n\n<div class=\"wp-block-group\"><div class=\"wp-block-group__inner-container\">\n<div class=\"wp-block-image\"><figure class=\"alignleft size-thumbnail\"><img loading=\"lazy\" width=\"150\" height=\"150\" src=\"http:\/\/digioffice.fr\/wp-content\/uploads\/2021\/12\/Outlook-2-150x150.png\" alt=\"\" class=\"wp-image-122\" srcset=\"https:\/\/digioffice.fr\/wp-content\/uploads\/2021\/12\/Outlook-2-150x150.png 150w, https:\/\/digioffice.fr\/wp-content\/uploads\/2021\/12\/Outlook-2.png 225w\" sizes=\"(max-width: 150px) 100vw, 150px\" \/><\/figure><\/div>\n\n\n\n<p class=\"has-vivid-cyan-blue-color has-text-color has-medium-font-size\"><strong>Outlook <\/strong><\/p>\n\n\n\n<p>Calendrier, t\u00e2ches &amp; notes<\/p>\n\n\n\n<div class=\"wp-block-group\"><div class=\"wp-block-group__inner-container\">\n<div class=\"wp-block-image\"><figure class=\"alignleft size-thumbnail\"><img loading=\"lazy\" width=\"150\" height=\"150\" src=\"http:\/\/digioffice.fr\/wp-content\/uploads\/2021\/12\/Outlook-3-150x150.png\" alt=\"\" class=\"wp-image-123\" srcset=\"https:\/\/digioffice.fr\/wp-content\/uploads\/2021\/12\/Outlook-3-150x150.png 150w, https:\/\/digioffice.fr\/wp-content\/uploads\/2021\/12\/Outlook-3.png 225w\" sizes=\"(max-width: 150px) 100vw, 150px\" \/><\/figure><\/div>\n\n\n\n<p class=\"has-vivid-cyan-blue-color has-text-color has-medium-font-size\"><strong>Outlook <\/strong><\/p>\n\n\n\n<p>Environnement Outlook<\/p>\n<\/div><\/div>\n<\/div><\/div>\n<\/div><\/div>\n<\/div><\/div>\n\n\n\n<div class=\"wp-block-cover has-vivid-cyan-blue-background-color has-background-dim\" style=\"min-height:50px\"><div class=\"wp-block-cover__inner-container\">\n<p class=\"has-text-align-center has-large-font-size\"><\/p>\n<\/div><\/div>\n\n\n\n<div class=\"wp-block-group\"><div class=\"wp-block-group__inner-container\">\n<p><\/p>\n\n\n\n<p><\/p>\n\n\n\n<h2 class=\"has-text-align-center has-vivid-cyan-blue-color has-text-color\">\u00catre bien form\u00e9, n&rsquo;a jamais \u00e9t\u00e9 aussi simple !!!<\/h2>\n\n\n\n<div class=\"wp-block-button aligncenter\"><a class=\"wp-block-button__link\" href=\"http:\/\/digioffice.fr\/?page_id=8\">Contactez nous <\/a><\/div>\n<\/div><\/div>\n","protected":false},"excerpt":{"rendered":"<p>Word Word Niveau 1 Connaissances indispensables Word Niveau 2 Connaissances interm\u00e9diaires Word Niveau 3 Connaissances avanc\u00e9es Excel Excel Niveau 1 Connaissances indispensables Excel Niveau 2 Connaissances interm\u00e9diaire Excel Niveau 3 Connaissances avanc\u00e9es Powerpoint Powerpoint Niveau 1 Connaissances indispensables Powerpoint Niveau 2 Connaissances interm\u00e9diaire Powerpoint Niveau 3 Connaissances avanc\u00e9es Outlook Outlook Messages &amp; contacts Outlook Calendrier, [&hellip;]<\/p>\n","protected":false},"author":1,"featured_media":0,"parent":0,"menu_order":0,"comment_status":"closed","ping_status":"closed","template":"","meta":[],"_links":{"self":[{"href":"https:\/\/digioffice.fr\/index.php?rest_route=\/wp\/v2\/pages\/7"}],"collection":[{"href":"https:\/\/digioffice.fr\/index.php?rest_route=\/wp\/v2\/pages"}],"about":[{"href":"https:\/\/digioffice.fr\/index.php?rest_route=\/wp\/v2\/types\/page"}],"author":[{"embeddable":true,"href":"https:\/\/digioffice.fr\/index.php?rest_route=\/wp\/v2\/users\/1"}],"replies":[{"embeddable":true,"href":"https:\/\/digioffice.fr\/index.php?rest_route=%2Fwp%2Fv2%2Fcomments&post=7"}],"version-history":[{"count":14,"href":"https:\/\/digioffice.fr\/index.php?rest_route=\/wp\/v2\/pages\/7\/revisions"}],"predecessor-version":[{"id":138,"href":"https:\/\/digioffice.fr\/index.php?rest_route=\/wp\/v2\/pages\/7\/revisions\/138"}],"wp:attachment":[{"href":"https:\/\/digioffice.fr\/index.php?rest_route=%2Fwp%2Fv2%2Fmedia&parent=7"}],"curies":[{"name":"wp","href":"https:\/\/api.w.org\/{rel}","templated":true}]}}